77 + 280. Suppose 6*y + 4174 = 7*y - 3*x, 2*y - o*x = 8351. Is y a prime number?
True
Let v(n) = 1545*n**3 - 21*n**2 + 32*n - 93. Is v(4) prime?
False
Let a = 693778 - 108513. Is a a composite number?
True
Suppose 60 = 3*y - 3*o, 43 = 2*y - 3*o - 2. Is 17457 + 5 - (-2 + y/(-5)) a prime number?
True
Let j = -273843 + 651614. Is j a prime number?
True
Suppose -4*r - 2*c + 266845 - 39923 = 0, 3*r = 5*c + 170198. Is r a composite number?
False
Suppose 0 = 303*m - 365*m + 5908042. Is m a composite number?
True
Suppose 1 = -13*t + 12*t + 2*n, 0 = t + n - 8. Suppose 0 = t*p - 5*l - 6415, -4*l + 6415 = 5*p - l. Is p composite?
False
Suppose -7*i + 14*i - 182987 = 0. Suppose i + 842 = 11*w. Is w a composite number?
True
Suppose 22*t + 7572 = 24*t. Let b = t - -4851. Is b composite?
True
Let j(z) = -14*z + 2*z + 39*z**2 - z**3 - 93 + 6 + 7*z - 20*z. Is j(38) a prime number?
False
Let c(y) = y**3 + 4*y**2 - y - 4. Let k be c(-3). Suppose 6706 = k*h - 24230. Is h a composite number?
True
Let l(c) = 25651*c**2 + 8*c - 10. Is l(1) composite?
True
Let d(v) = 90*v**2 + 4*v + 11. Let t(j) = -269*j**2 - 13*j - 33. Let c(w) = 7*d(w) + 2*t(w). Is c(5) prime?
False
Let k(n) = -23743*n + 985. Is k(-6) a composite number?
False
Is 353229 + -10*(3 + (-114)/30) composite?
False
Let x be 11/(-11)*(-1 - (-337 - 0)). Let l = -131 - x. Is l a composite number?
True
Suppose 28 = -0*x + 14*x. Suppose -8694 = -x*z + 4*s, -3*z + 5*s - 21675 = -8*z. Is z composite?
False
Let h = 7596 + -2947. Is h a composite number?
False
Is ((-22443115)/(-1855))/((-1)/(-7)) composite?
False
Suppose -x - 66937 = 3*y + 32331, 0 = -4*x + 8. Is ((-1)/3)/(10/y) a composite number?
False
Suppose 3*b - 18 = -6*b. Let i be b/(-12) - 1453/(-6). Let o = 339 - i. Is o prime?
True
Let d(u) = 2*u**2 - 12*u + 12. Let p be d(7). Suppose -5*m + 134 = -p. Suppose k - 11 = -0*k + 4*i, m = 4*k - 4*i. Is k prime?
True
Suppose -4863 = s - 4*s. Let u be ((-315)/(-2))/(-10 + 2172/216). Suppose 5*v + s + 1220 = 4*x, -v + u = 4*x. Is x a prime number?
True
Let k(h) = 70*h**2 - 30*h**2 + 924*h**3 - 39*h**2 - 13 + 9*h. Is k(2) composite?
True
Let z(m) = -1. Let o(t) = 53*t + 2. Let c(b) = -o(b) - 4*z(b). Is c(-9) a composite number?
False
Let o(m) = 137*m**2 + 16*m - 20. Let z be -8*(-7)/56*7. Is o(z) composite?
True
Let d be (-2)/(-5) - 28/20. Let l be ((0 - 1) + d)*-4. Is 7290/l - (-17)/(-68) a composite number?
False
Suppose -7*o + 4*o = -9021. Suppose -5*i + 1793 = -o. Suppose -3*r = -v + 4*v - i, 2*r = -5*v + 1597. Is v a prime number?
False
Suppose -9*c = -4*c - 30*c + 19283725. Is c composite?
False
Let m = 4135 + -4936. Suppose j + j - 5034 = -3*c, -2*c - 2*j + 3356 = 0. Let b = c + m. Is b prime?
True
Let q(j) be the third derivative of -j**5/60 + 5*j**4/24 - j**3/2 - 13*j**2. Let b be q(3). Suppose -4*r + 2*m + 1387 = -3*m, b*r = 2*m + 1049. Is r prime?
True
Suppose 4*b = -3*r + 26240, 26*b - 32819 = 21*b + r. Is b a composite number?
False
Suppose 0 = -j - 3*z + 4, 0 = 5*j - 4*z + 7*z - 20. Suppose -2*l = d - 5*l - 6562, 0 = 4*l + j. Is d a composite number?
True
Suppose 2*l - 27 - 1 = 0. Suppose 25 = -5*q, 0 = 4*t - 2*q - 40 + l. Is 2498*(t + 7/(-2)) prime?
True
Suppose 96844 = -34*u - 10*u. Let n = 10516 + u. Is n a composite number?
True
Let l(w) = -3*w**3 + 10*w**2 + 16*w + 17. Let h(c) = -5*c**3 + 19*c**2 + 33*c + 35. Let o(b) = -4*h(b) + 7*l(b). Is o(-8) a prime number?
False
Let v(f) = -5*f**3 - 14 + 380*f - 191*f - 194*f + 2*f**2 + 3*f**3. Is v(-13) prime?
True
Let v = 469280 - 330021. Is v prime?
False
Let q(h) = -15439*h**3 + h**2 - 3*h + 32. Is q(-3) prime?
False
Suppose 88*g + 196631673 = 463*g - 18*g. Is g a prime number?
True
Let f(r) = r**3 - 47*r**2 + 61*r - 53. Let l(k) = 2*k**2 - k + 1. Let b(t) = f(t) + 4*l(t). Is b(38) a composite number?
False
Let m(w) = -25*w**2 + 3*w. Let t be m(-1). Let j(p) = -98*p - 183. Is j(t) a prime number?
False
Let n be 0/(-2) + -5 - (-21 - -8). Let k(p) = 310*p - 13. Is k(n) a composite number?
False
Suppose -5*z = 2*q - 135885, z - 2090 = 5*q + 25114. Is z a prime number?
True
Let h = 807829 + -500906. Is h a composite number?
True
Let i be 98049/28 + (-1)/(-4). Let s = i - 2061. Suppose -2*b = 9*b - s. Is b composite?
False
Let r = 1075600 + -672048. Is r/80 + 2/(-20)*-6 composite?
True
Suppose 3*v + 2*c = -2*c - 12, -4*v - c - 3 = 0. Suppose v = 9*a + 116 + 109. Let o(k) = k**3 + 25*k**2 - 4*k - 31. Is o(a) a composite number?
True
Let q = 0 + 9. Let a(u) be the first derivative of 9*u**2 + 17*u - 26. Is a(q) a prime number?
True
Suppose 0 = -22*q - 26*q + 1920. Is 896*668/q + (-18)/90 a composite number?
True
Suppose 4785 = -29*o + 24*o. Let q = 1688 + o. Let i = -414 + q. Is i composite?
False
Is 170322*(3 + -6 - -4)/2 a composite number?
True
Let x = -451 + 1302. Is x a prime number?
False
Suppose -m + 9977 = 4*n, -n - 468 = m - 2963. Suppose -5*z + n = 704. Suppose -b + z = -253. Is b a prime number?
False
Let g = 56639 - 31072. Is g a composite number?
True
Let j(x) = x - 2. Let w be j(4). Suppose u + w = -0*u, u = -2*b - 320. Let f = b - -226. Is f composite?
False
Suppose 0 = 10*d + 5*d - 45570. Suppose 0 = -y - 3*h + 2947, h = -4*y + 14848 - d. Is y a prime number?
True
Is 40050 + 1 - (228/30 + 76/190) prime?
False
Let a = -751 - -304. Let u = 574 + a. Is u a prime number?
True
Let r(s) be the second derivative of 43*s**3/2 - 23*s**2/2 + 68*s. Is r(6) composite?
False
Let m = 5 + -2. Suppose 0 = 5*o + 3*v - 6*v - 22, 6 = 5*o + v. Suppose p + o*a - 1778 = -m*p, -a = 5*p - 2218. Is p a prime number?
True
Let x(h) be the first derivative of 2*h**3/3 - 7*h**2 + 7*h - 5. Let l = 11 - -1. Is x(l) a composite number?
False
Let q(u) = 21*u + 24. Let g be q(11). Let c = g - -38. Is c prime?
True
Suppose -8*v + 60*v = 260. Suppose -12*u + v*u + 49847 = 0. Is u a composite number?
False
Let f(m) = 384*m + 17. Let p be f(-8). Let v = 1101 - p. Suppose 45*r = 47*r - v. Is r a prime number?
False
Suppose -6*b = -b - 9770. Let r(l) = l + 11. Let m be r(-3). Suppose -m*t + 6*t = -b. Is t a prime number?
True
Let x(b) = -185*b - 157. Suppose 193 = -6*d - 47. Is x(d) a prime number?
True
Let m = 41108 - 21267. Is m composite?
False
Let x(g) = 21*g - 2*g**2 + 51*g**3 - 12*g**3 - 21*g + 9. Is x(4) prime?
True
Let w(r) = 3*r**2 - 2*r + 13. Let s be w(-5). Suppose s*i = 102*i. Suppose -5*m + 5*y + 525 = -i*m, 2*y - 335 = -3*m. Is m a prime number?
True
Let m(k) = -53316*k**3 + 202*k**2 + 402*k - 5. Is m(-2) a composite number?
False
Let g = -187571 - -420532. Is g composite?
False
Suppose -71*t + 2*i - 124878 = -76*t, 3*t = -3*i + 74934. Let f = t + -16817. Is f a composite number?
True
Suppose -436*n - 2077385 = -441*n. Is n a prime number?
True
Let y(t) = t**2 + t + 21. Let v(z) = 76*z**3 + z**2 - z. Let i be v(1). Suppose 85 = 5*q + 5*n, -4*n = -5*q - 0*n + i. Is y(q) prime?
True
Let u(i) = 1186*i**2 - 41*i + 213. Is u(10) a prime number?
False
Suppose -5*g + 2319633 = 2*y, -4*g = 4*y - 1850158 - 5534. Is g prime?
False
Is (-26)/247 + 9/855*110156405 a composite number?
False
Let z(j) = 94891*j + 3790. Is z(9) prime?
True
Let q = 4596 + 10897. Is q a prime number?
True
Suppose w = 1, 0*p = -2*p - w + 31. Let b(o) = -o**3 + 14*o**2 + 20*o - 21. Let a be b(p). Let f = a - 31. Is f composite?
False
Let g = 66 - 63. Suppose 3 = g*f, 5*b + 0*b - 610 = 5*f. Is b a prime number?
False
Let r(f) = -28202*f - 1209. Is r(-25) prime?
False
Let o(a) = 77320*a + 981. Is o(1) prime?
True
Suppose 4*f + 51204 = 4*w, 38391 = 3*w - 21*f + 24*f. Is w composite?
False
Let u(b) = 175*b - 16. Let n(j) = -87*j + 8. Let f(h) = -5*n(h) - 2*u(h). Let l be f(-11). Let a = -92 - l. Is a composite?
True
Let h(c) = 31282*c - 3009. Is h(4) a prime number?
False
Is (-4 - 60918)*(-87)/116*6/9 a prime number?
False
Is 2*-1 + (459418 - -177) composite?
False
Suppose -41*n - 3*b = -46*n + 375325, -5*n + 2*b + 375325 = 0. Is n composite?
True
Let t be 4/7 - (-28)/(-49). Let w(k) = 77 + k - 3*k - 2*k + 2*k. Is w(t) a prime number?
False
Is (12/(-9))/(2 + (-3201548)/1600746) prime?
True
Let b(h) = -987*h - 3. Let o = 9 + -10. Let j be b(o). Suppose 0 = 5*q - j - 2161. Is q prime?
False
Suppose 0*w + 5*w - 3550 = 0. Suppose t + w = b + 246, 0 = 5*b - 4*t - 2322. Is 4*6/8 + b prime?
False
Let k be -154